ime factors of 466657053.
3, 103, 1510217
List the prime factors of 252958853.
7, 23, 31, 50683
List the prime factors of 4279048.
2, 251, 2131
List the prime factors of 25041419.
13, 1926263
List the prime factors of 1279101117.
3, 7, 181, 487, 691
What are the prime factors of 341358022?
2, 359, 475429
What are the prime factors of 92500208?
2, 19, 137, 2221
What are the prime factors of 48324147?
3, 137, 117577
List the prime factors of 610766893.
11, 1091, 50893
What are the prime factors of 838129939?
10589, 79151
What are the prime factors of 1909686582?
2, 3, 937, 113227
List the prime factors of 1965898083.
3, 655299361
What are the prime factors of 360423547?
11, 23, 129509
What are the prime factors of 927700333?
7, 132528619
List the prime factors of 391554577.
9883, 39619
What are the prime factors of 1577303?
7, 13, 17333
What are the prime factors of 33002365?
5, 11, 600043
List the prime factors of 35616886.
2, 17808443
List the prime factors of 551202927.
3, 11, 16703119
What are the prime factors of 1409708096?
2, 29, 797, 953
List the prime factors of 19487002.
2, 9743501
List the prime factors of 213697825.
5, 11, 853, 911
List the prime factors of 2148376301.
269, 7986529
What are the prime factors of 604987130?
2, 5, 11, 1051, 5233
List the prime factors of 257307505.
5, 7, 13, 565511
List the prime factors of 362339904.
2, 3, 17, 31, 3581
List the prime factors of 62553468.
2, 3, 23, 226643
What are the prime factors of 45527575?
5, 37, 83, 593
What are the prime factors of 433475371?
7, 1481, 41813
List the prime factors of 87714664.
2, 10964333
What are the prime factors of 180656203?
7, 13, 47, 42239
What are the prime factors of 2923727655?
3, 5, 29, 6721213
What are the prime factors of 505775404?
2, 126443851
List the prime factors of 2861964815.
5, 572392963
List the prime factors of 982487982.
2, 3, 7, 23392571
List the prime factors of 124931886.
2, 3, 20821981
List the prime factors of 356651307.
3, 39627923
What are the prime factors of 376187697?
3, 31, 937, 1439
What are the prime factors of 71680531?
13, 5513887
List the prime factors of 85667613.
3, 28555871
What are the prime factors of 38239992?
2, 3, 7, 3613
What are the prime factors of 91062697?
11, 29, 285463
What are the prime factors of 266834449?
7, 191, 4073
List the prime factors of 79903883.
4003, 19961
What are the prime factors of 984525150?
2, 3, 5, 7, 133949
List the prime factors of 834719741.
37, 43, 73, 7187
What are the prime factors of 437768695?
5, 7, 13, 137447
List the prime factors of 176089147.
13, 193, 70183
What are the prime factors of 4376689021?
23, 47, 4048741
What are the prime factors of 791244739?
16573, 47743
List the prime factors of 3318413311.
17, 1373, 8363
What are the prime factors of 7573413?
3, 2524471
What are the prime factors of 405899980?
2, 5, 233, 87103
What are the prime factors of 2574983?
2574983
List the prime factors of 1961125080.
2, 3, 5, 43, 53, 71, 101
List the prime factors of 263654961.
3, 87884987
What are the prime factors of 1547906997?
3, 7, 13, 71, 6143
List the prime factors of 278126766.
2, 3, 17, 908911
What are the prime factors of 32597613?
3, 1207319
List the prime factors of 26383984.
2, 11, 149909
What are the prime factors of 87523645?
5, 11, 1591339
What are the prime factors of 194356674?
2, 3, 103, 104831
What are the prime factors of 3496182747?
3, 1165394249
What are the prime factors of 317492831?
19, 1511, 11059
What are the prime factors of 68111030?
2, 5, 13, 31, 16901
List the prime factors of 140429540.
2, 5, 89, 78893
What are the prime factors of 1535603337?
3, 1061, 160813
List the prime factors of 101743516.
2, 7, 3633697
List the prime factors of 146001303.
3, 7, 439, 5279
What are the prime factors of 25664865?
3, 5, 37, 131, 353
What are the prime factors of 238841433?
3, 113, 78283
List the prime factors of 49178983.
7, 29, 242261
What are the prime factors of 76548459?
3, 13, 1259, 1559
List the prime factors of 5836903750.
2, 5, 4669523
List the prime factors of 112679190.
2, 3, 5, 13, 193, 499
What are the prime factors of 148811207?
103, 827, 1747
What are the prime factors of 36081339?
3, 7, 1718159
List the prime factors of 6778304.
2, 13, 8147
What are the prime factors of 7606233?
3, 845137
What are the prime factors of 191296255?
5, 38259251
What are the prime factors of 62524344?
2, 3, 41, 63541
What are the prime factors of 985432558?
2, 11, 101, 443489
What are the prime factors of 2962834288?
2, 185177143
What are the prime factors of 54698967?
3, 19, 43, 173
List the prime factors of 11859043.
7, 281, 6029
List the prime factors of 83114367.
3, 7, 977, 4051
What are the prime factors of 1354506544?
2, 907, 93337
What are the prime factors of 19515265?
5, 7, 11, 173, 293
What are the prime factors of 314752941?
3, 41, 852989
List the prime factors of 77057045.
5, 13, 1185493
What are the prime factors of 566168345?
5, 23, 31, 47, 109
List the prime factors of 2521274648.
2, 315159331
What are the prime factors of 1079708086?
2, 379, 1424417
What are the prime factors of 274017944?
2, 34252243
What are the prime factors of 2434519?
17, 71, 2017
List the prime factors of 6290583112.
2, 11, 1511, 47309
What are the prime factors of 82256553?
3, 71, 14303
What are the prime factors of 740922466?
2, 101, 103, 149, 239
What are the prime factors of 50731985?
5, 71, 142907
List the prime factors of 3844442488.
2, 137, 743, 4721
List the prime factors of 3146169700.
2, 5, 31461697
What are the prime factors of 3566062099?
2237, 1594127
List the prime factors of 419180636.
2, 7, 31, 79, 6113
What are the prime factors of 1016085402?
2, 3, 71, 241, 3299
What are the prime factors of 95864931?
3, 43, 82571
What are the prime factors of 6054877?
6054877
What are the prime factors of 604900315?
5, 2099, 57637
List the prime factors of 4029534164.
2, 22531, 44711
List the prime factors of 1873297527.
3, 271, 2304179
What are the prime factors of 63729254?
2, 659, 48353
List the prime factors of 409224069.
3, 137, 36877
What are the prime factors of 5103535?
5, 1020707
What are the prime factors of 6010718100?
2, 3, 5, 449, 44623
List the prime factors of 1023728.
2, 109, 587
List the prime factors of 85743922.
2, 11, 19, 205129
List the prime factors of 183305605.
5, 7, 5237303
What are the prime factors of 12224286?
2, 3, 679127
List the prime factors of 2576801244.
2, 3, 673, 319069
What are the prime factors of 1880198265?
3, 5, 11, 3229, 3529
What are the prime factors of 46760811?
3, 79, 191, 1033
What are the prime factors of 58265532?
2, 3, 13, 23, 5413
What are the prime factors of 659656438?
2, 7, 1301, 36217
What are the prime factors of 458893297?
458893297
What are the prime factors of 309721924?
2, 77430481
What are the prime factors of 4035096132?
2, 3, 17, 431, 45893
List the prime factors of 498635935.
5, 7, 271, 52571
List the prime factors of 386466692.
2, 96616673
List the prime factors of 101643289.
11, 17, 29, 18743
What are the prime factors of 34018315?
5, 31, 41, 53, 101
List the prime factors of 26306315.
5, 7, 751609
What are the prime factors of 182697532?
2, 827, 55229
What are the prime factors of 44956091?
44956091
What are the prime factors of 2616175608?
2, 3, 29, 433, 8681
List the prime factors of 1748513465.
5, 313, 499, 2239
What are the prime factors of 8401707?
3, 933523
What are the prime factors of 330214941?
3, 7, 1747169
List the prime factors of 186174732.
2, 3, 113, 251, 547
List the prime factors of 608540445.
3, 5, 1502569
List the prime factors of 1233262297.
17, 109, 665549
List the prime factors of 72678959.
29, 769, 3259
What are the prime factors of 176231895?
3, 5, 7, 1678399
List the prime factors of 450371843.
131, 3437953
List the prime factors of 1392850545.
3, 5, 17, 5462159
What are the prime factors of 76132170?
2, 3, 5, 281971
What are the prime factors of 3132780526?
2, 1566390263
What are the prime factors of 73403410?
2, 5, 53, 138497
What are the prime factors of 763699268?
2, 23, 83, 103, 971
What are the prime factors of 80608733?
80608733
List the prime factors of 41170467.
3, 13, 73, 14461
List the prime factors of 102333815.
5, 20466763
List the prime factors of 3456168454.
2, 1728084227
What 